e units digit of 2865643?
3
What is the ten thousands digit of 168080?
6
What is the thousands digit of 3039553?
9
What is the hundreds digit of 79705?
7
What is the ten millions digit of 10561579?
1
What is the units digit of 32290?
0
What is the tens digit of 172081?
8
What is the units digit of 14074876?
6
What is the tens digit of 3115504?
0
What is the units digit of 344957?
7
What is the thousands digit of 822526?
2
What is the tens digit of 292702?
0
What is the units digit of 82078?
8
What is the hundred thousands digit of 184961?
1
What is the units digit of 198391?
1
What is the hundreds digit of 15583037?
0
What is the hundreds digit of 5193201?
2
What is the tens digit of 614438?
3
What is the ten thousands digit of 633458?
3
What is the hundreds digit of 925947?
9
What is the millions digit of 1450959?
1
What is the hundred thousands digit of 14211569?
2
What is the thousands digit of 257595?
7
What is the thousands digit of 98615?
8
What is the units digit of 34702722?
2
What is the hundred thousands digit of 1054075?
0
What is the ten thousands digit of 455511?
5
What is the hundreds digit of 5400365?
3
What is the tens digit of 5832457?
5
What is the millions digit of 7525012?
7
What is the thousands digit of 9082202?
2
What is the millions digit of 1104975?
1
What is the millions digit of 13949094?
3
What is the hundred thousands digit of 1143002?
1
What is the ten thousands digit of 3343515?
4
What is the hundreds digit of 249948?
9
What is the tens digit of 195902?
0
What is the ten thousands digit of 10711544?
1
What is the units digit of 29323366?
6
What is the hundreds digit of 4949894?
8
What is the tens digit of 199369?
6
What is the hundred thousands digit of 9052840?
0
What is the hundreds digit of 1143136?
1
What is the hundred thousands digit of 422527?
4
What is the units digit of 553614?
4
What is the millions digit of 12402175?
2
What is the millions digit of 3521756?
3
What is the ten thousands digit of 134863?
3
What is the hundred thousands digit of 335624?
3
What is the units digit of 150966?
6
What is the hundreds digit of 13675141?
1
What is the units digit of 27634?
4
What is the tens digit of 6071245?
4
What is the tens digit of 7537174?
7
What is the ten thousands digit of 19198184?
9
What is the hundred thousands digit of 809247?
8
What is the tens digit of 290622?
2
What is the hundreds digit of 1326776?
7
What is the tens digit of 12400?
0
What is the hundred thousands digit of 595542?
5
What is the hundreds digit of 573696?
6
What is the tens digit of 22302274?
7
What is the thousands digit of 504938?
4
What is the units digit of 966898?
8
What is the units digit of 1154220?
0
What is the tens digit of 197480?
8
What is the ten thousands digit of 1596089?
9
What is the millions digit of 1458543?
1
What is the units digit of 140412?
2
What is the thousands digit of 431952?
1
What is the ten thousands digit of 3039331?
3
What is the thousands digit of 2240?
2
What is the thousands digit of 9426245?
6
What is the ten thousands digit of 319755?
1
What is the hundreds digit of 442217?
2
What is the units digit of 708770?
0
What is the ten thousands digit of 901058?
0
What is the hundreds digit of 5283179?
1
What is the tens digit of 19990974?
7
What is the hundreds digit of 335988?
9
What is the hundreds digit of 192098?
0
What is the hundred thousands digit of 201123?
2
What is the tens digit of 5397371?
7
What is the thousands digit of 2301411?
1
What is the hundred thousands digit of 7791949?
7
What is the hundred thousands digit of 752102?
7
What is the hundred thousands digit of 15955888?
9
What is the tens digit of 16089?
8
What is the ten thousands digit of 37427011?
2
What is the tens digit of 1014588?
8
What is the hundreds digit of 687742?
7
What is the units digit of 2256979?
9
What is the thousands digit of 32435623?
5
What is the ten thousands digit of 6734388?
3
What is the hundreds digit of 497495?
4
What is the hundreds digit of 7884840?
8
What is the thousands digit of 981706?
1
What is the ten thousands digit of 4356852?
5
What is the thousands digit of 101950?
1
What is the hundred thousands digit of 143515?
1
What is the thousands digit of 814775?
4
What is the units digit of 507180?
0
What is the hundreds digit of 740736?
7
What is the thousands digit of 330185?
0
What is the thousands digit of 723578?
3
What is the hundred thousands digit of 407170?
4
What is the ten thousands digit of 956438?
5
What is the units digit of 597603?
3
What is the hundred thousands digit of 100453?
1
What is the hundreds digit of 138775?
7
What is the ten thousands digit of 608066?
0
What is the ten thousands digit of 716793?
1
What is the thousands digit of 3955268?
5
What is the ten thousands digit of 1103715?
0
What is the units digit of 335572?
2
What is the units digit of 42853?
3
What is the hundred thousands digit of 21134944?
1
What is the ten thousands digit of 386696?
8
What is the units digit of 6238425?
5
What is the tens digit of 592107?
0
What is the ten thousands digit of 15669856?
6
What is the hundred thousands digit of 10209336?
2
What is the hundreds digit of 737937?
9
What is the thousands digit of 6722924?
2
What is the thousands digit of 324390?
4
What is the ten thousands digit of 437742?
3
What is the hundreds digit of 75292?
2
What is the thousands digit of 157983?
7
What is the ten thousands digit of 247242?
4
What is the units digit of 217510?
0
What is the ten thousands digit of 4988374?
8
What is the thousands digit of 241688?
1
What is the tens digit of 75266?
6
What is the thousands digit of 103785?
3
What is the thousands digit of 13699329?
9
What is the hundred thousands digit of 201191?
2
What is the millions digit of 18938711?
8
What is the thousands digit of 142210?
2
What is the hundred thousands digit of 21046281?
0
What is the hundred thousands digit of 228797?
2
What is the hundreds digit of 53234?
2
What is the thousands digit of 672569?
2
What is the hundred thousands digit of 184972?
1
What is the units digit of 4519180?
0
What is the hundred thousands digit of 13376966?
3
What is the tens digit of 1519135?
3
What is the ten thousands digit of 18514641?
1
What is the millions digit of 19846536?
9
What is the hundred thousands digit of 353635?
3
What is the hundreds digit of 365227?
2
What is the units digit of 207672?
2
What is the units digit of 314828?
8
What is the ten thousands digit of 2100443?
0
What is the ten thousands digit of 5943043?
4
What is the thousands digit of 9913?
9
What is the hundreds digit of 2813073?
0
What is the ten thousands digit of 4164968?
6
What is the tens digit of 48778?
7
What is the thousands digit of 4988427?
8
What is the millions digit of 10153930?
0
What is the ten thousands digit of 169866?
6
What is the ten thousands digit of 101523?
0
What is the units digit of 45958382?
2
What is the ten thousands digit of 34110?
3
What is the hundreds digit of 387346?
3
What is the thousands digit of 6991716?
1
What is the ten thousands digit of 202555?
0
What is the thousands digit of 20568?
0
What is the tens digit of 5454010?
1
What is the ten thousands digit of 2979581?
7
What is the tens digit of 304032?
3
What is the hundreds digit of 1351061?
0
What is the hundreds digit of 5536776?
7
What is the thousands digit of 179236?
9
What is the units digit of 9190441?
1
What is the hundred thousands digit of 9379906?
3
What is the ten millions digit of 10548350?
1
What is the thousands digit of 189997?
9
What is the thousands digit of 238076?
8
What is the millions digit of 26786752?
6
What is the millions digit of 15322913?
5
What is the tens digit of 148859?
5
What is the hundreds digit of 70253?
2
What is the hundreds digit of 11181395?
3
What is the tens digit of 7299995?
9
What is the hundreds digit of 1556997?
9
What is the units digit of 16949559?
9
What is the tens digit of 8277443?
4
What is the hundreds digit of 832393?
3
What is the units digit of 211460?
0
What is the hundred thousands digit of 2342139?
3
What is the ten thousands digit of 1436474?
3
What is the thousands digit of 246167?
6
What is the tens digit of 504203?
0
What is the millions digit of 1269011?
1
What is the millions digit of 3543198?
3
What is the mi